{"id":21661,"date":"2026-04-28T19:09:27","date_gmt":"2026-04-29T00:09:27","guid":{"rendered":"https:\/\/www.liana.com.co\/?post_type=product&#038;p=21661"},"modified":"2026-04-28T19:13:27","modified_gmt":"2026-04-29T00:13:27","slug":"capullo-de-flor","status":"publish","type":"product","link":"https:\/\/www.liana.com.co\/en\/product\/capullo-de-flor\/","title":{"rendered":"CAPULLO DE FLOR"},"content":{"rendered":"<ul data-path-to-node=\"13\">\n<li>\n<p data-path-to-node=\"13,0,0\"><b data-path-to-node=\"13,0,0\" data-index-in-node=\"0\">Measurements<\/b> Alto 47 cm \/ Ancho 9 cm.<\/p>\n<\/li>\n<li>\n<p data-path-to-node=\"13,1,0\"><b data-path-to-node=\"13,1,0\" data-index-in-node=\"0\">Materiales:<\/b> Fique.<\/p>\n<\/li>\n<li>\n<p data-path-to-node=\"13,2,0\"><b data-path-to-node=\"13,2,0\" data-index-in-node=\"0\">Technique<\/b> Tejedur\u00eda en crochet sobre estructura de alambre .<\/p>\n<\/li>\n<li>\n<p data-path-to-node=\"13,3,0\"><b data-path-to-node=\"13,3,0\" data-index-in-node=\"0\">Origen:<\/b> Atl\u00e1ntico<\/p>\n<\/li>\n<\/ul>\n<p data-path-to-node=\"14\"><b data-path-to-node=\"14\" data-index-in-node=\"0\">Cuidados y Mantenimiento:<\/b><\/p>\n<ul data-path-to-node=\"15\">\n<li>\n<p data-path-to-node=\"15,0,0\">Limpiar con un pa\u00f1o seco o plumero para eliminar el polvo.<\/p>\n<\/li>\n<li>\n<p data-path-to-node=\"15,1,0\">Evitar la humedad excesiva para preservar la estructura natural de la fibra.<\/p>\n<\/li>\n<li>\n<p data-path-to-node=\"15,2,0\">Uso exclusivo para interiores.<\/p>\n<hr \/>\n<p data-path-to-node=\"15,2,0\">El fique, una fibra resistente y profundamente ligada a la tierra colombiana, cobra una nueva vida en esta pieza de gran formato. M\u00e1s que un objeto decorativo, esta flor es el resultado de un proceso colaborativo donde la tradici\u00f3n se entrelaza para crear siluetas org\u00e1nicas y contempor\u00e1neas.<\/p>\n<\/li>\n<\/ul>","protected":false},"excerpt":{"rendered":"<p>Cada p\u00e9talo ha sido moldeado por manos expertas que dominan la rigidez de la fibra para transformarla en curvas suaves y elegantes. Es una invitaci\u00f3n a traer la esencia de lo natural al interior de tu hogar, celebrando el legado de quienes transforman lo cotidiano en algo extraordinario.<\/p>","protected":false},"featured_media":21658,"template":"","meta":{"content-type":""},"product_brand":[],"product_cat":[6680,6727,15],"product_tag":[6686],"class_list":{"0":"post-21661","1":"product","2":"type-product","3":"status-publish","4":"has-post-thumbnail","6":"product_cat-decoracion","7":"product_cat-descuentos","8":"product_cat-todos","9":"product_tag-fique","11":"first","12":"instock","13":"sale","14":"shipping-taxable","15":"purchasable","16":"product-type-simple"},"yoast_head":"<!-- This site is optimized with the Yoast SEO plugin v27.4 - https:\/\/yoast.com\/product\/yoast-seo-wordpress\/ -->\n<title>Mochila de fique artesanal Santander<\/title>\n<meta name=\"description\" content=\"Decora con Flores en fique de LIANA. Arte tejido a mano por comunidades colombianas. Dise\u00f1o sostenible y aut\u00e9ntico. \u00a1Lleva la tuya hoy!\" \/>\n<meta name=\"robots\" content=\"index, follow, max-snippet:-1, max-image-preview:large, max-video-preview:-1\" \/>\n<link rel=\"canonical\" href=\"https:\/\/www.liana.com.co\/en\/product\/capullo-de-flor\/\" \/>\n<meta property=\"og:locale\" content=\"en_US\" \/>\n<meta property=\"og:type\" content=\"article\" \/>\n<meta property=\"og:title\" content=\"Mochila de fique artesanal Santander\" \/>\n<meta property=\"og:description\" content=\"Decora con Flores en fique de LIANA. Arte tejido a mano por comunidades colombianas. Dise\u00f1o sostenible y aut\u00e9ntico. \u00a1Lleva la tuya hoy!\" \/>\n<meta property=\"og:url\" content=\"https:\/\/www.liana.com.co\/en\/product\/capullo-de-flor\/\" \/>\n<meta property=\"og:site_name\" content=\"LIANA\" \/>\n<meta property=\"article:publisher\" content=\"https:\/\/www.facebook.com\/LIANAcreativa\" \/>\n<meta property=\"article:modified_time\" content=\"2026-04-29T00:13:27+00:00\" \/>\n<meta property=\"og:image\" content=\"https:\/\/www.liana.com.co\/wp-content\/uploads\/2026\/04\/WhatsApp-Image-2026-04-28-at-5.42.31-PM.jpeg\" \/>\n\t<meta property=\"og:image:width\" content=\"1024\" \/>\n\t<meta property=\"og:image:height\" content=\"1024\" \/>\n\t<meta property=\"og:image:type\" content=\"image\/jpeg\" \/>\n<meta name=\"twitter:card\" content=\"summary_large_image\" \/>\n<meta name=\"twitter:label1\" content=\"Est. reading time\" \/>\n\t<meta name=\"twitter:data1\" content=\"1 minute\" \/>\n<script type=\"application\/ld+json\" class=\"yoast-schema-graph\">{\"@context\":\"https:\\\/\\\/schema.org\",\"@graph\":[{\"@type\":\"WebPage\",\"@id\":\"https:\\\/\\\/www.liana.com.co\\\/producto\\\/capullo-de-flor\\\/\",\"url\":\"https:\\\/\\\/www.liana.com.co\\\/producto\\\/capullo-de-flor\\\/\",\"name\":\"Mochila de fique artesanal Santander\",\"isPartOf\":{\"@id\":\"https:\\\/\\\/www.liana.com.co\\\/#website\"},\"primaryImageOfPage\":{\"@id\":\"https:\\\/\\\/www.liana.com.co\\\/producto\\\/capullo-de-flor\\\/#primaryimage\"},\"image\":{\"@id\":\"https:\\\/\\\/www.liana.com.co\\\/producto\\\/capullo-de-flor\\\/#primaryimage\"},\"thumbnailUrl\":\"https:\\\/\\\/www.liana.com.co\\\/wp-content\\\/uploads\\\/2026\\\/04\\\/WhatsApp-Image-2026-04-28-at-5.42.31-PM.jpeg\",\"datePublished\":\"2026-04-29T00:09:27+00:00\",\"dateModified\":\"2026-04-29T00:13:27+00:00\",\"description\":\"Decora con Flores en fique de LIANA. Arte tejido a mano por comunidades colombianas. Dise\u00f1o sostenible y aut\u00e9ntico. \u00a1Lleva la tuya hoy!\",\"breadcrumb\":{\"@id\":\"https:\\\/\\\/www.liana.com.co\\\/producto\\\/capullo-de-flor\\\/#breadcrumb\"},\"inLanguage\":\"en-US\",\"potentialAction\":[{\"@type\":\"ReadAction\",\"target\":[\"https:\\\/\\\/www.liana.com.co\\\/producto\\\/capullo-de-flor\\\/\"]}]},{\"@type\":\"ImageObject\",\"inLanguage\":\"en-US\",\"@id\":\"https:\\\/\\\/www.liana.com.co\\\/producto\\\/capullo-de-flor\\\/#primaryimage\",\"url\":\"https:\\\/\\\/www.liana.com.co\\\/wp-content\\\/uploads\\\/2026\\\/04\\\/WhatsApp-Image-2026-04-28-at-5.42.31-PM.jpeg\",\"contentUrl\":\"https:\\\/\\\/www.liana.com.co\\\/wp-content\\\/uploads\\\/2026\\\/04\\\/WhatsApp-Image-2026-04-28-at-5.42.31-PM.jpeg\",\"width\":1024,\"height\":1024},{\"@type\":\"BreadcrumbList\",\"@id\":\"https:\\\/\\\/www.liana.com.co\\\/producto\\\/capullo-de-flor\\\/#breadcrumb\",\"itemListElement\":[{\"@type\":\"ListItem\",\"position\":1,\"name\":\"Portada\",\"item\":\"https:\\\/\\\/www.liana.com.co\\\/\"},{\"@type\":\"ListItem\",\"position\":2,\"name\":\"Shop\",\"item\":\"https:\\\/\\\/www.liana.com.co\\\/shop\\\/\"},{\"@type\":\"ListItem\",\"position\":3,\"name\":\"CAPULLO DE FLOR\"}]},{\"@type\":\"WebSite\",\"@id\":\"https:\\\/\\\/www.liana.com.co\\\/#website\",\"url\":\"https:\\\/\\\/www.liana.com.co\\\/\",\"name\":\"LIANA\",\"description\":\"Artesanos Contempor\u00e1neos\",\"publisher\":{\"@id\":\"https:\\\/\\\/www.liana.com.co\\\/#organization\"},\"potentialAction\":[{\"@type\":\"SearchAction\",\"target\":{\"@type\":\"EntryPoint\",\"urlTemplate\":\"https:\\\/\\\/www.liana.com.co\\\/?s={search_term_string}\"},\"query-input\":{\"@type\":\"PropertyValueSpecification\",\"valueRequired\":true,\"valueName\":\"search_term_string\"}}],\"inLanguage\":\"en-US\"},{\"@type\":\"Organization\",\"@id\":\"https:\\\/\\\/www.liana.com.co\\\/#organization\",\"name\":\"LIANA\",\"url\":\"https:\\\/\\\/www.liana.com.co\\\/\",\"logo\":{\"@type\":\"ImageObject\",\"inLanguage\":\"en-US\",\"@id\":\"https:\\\/\\\/www.liana.com.co\\\/#\\\/schema\\\/logo\\\/image\\\/\",\"url\":\"https:\\\/\\\/www.liana.com.co\\\/wp-content\\\/uploads\\\/2022\\\/11\\\/LIANA-BLACK.png\",\"contentUrl\":\"https:\\\/\\\/www.liana.com.co\\\/wp-content\\\/uploads\\\/2022\\\/11\\\/LIANA-BLACK.png\",\"width\":339,\"height\":98,\"caption\":\"LIANA\"},\"image\":{\"@id\":\"https:\\\/\\\/www.liana.com.co\\\/#\\\/schema\\\/logo\\\/image\\\/\"},\"sameAs\":[\"https:\\\/\\\/www.facebook.com\\\/LIANAcreativa\",\"https:\\\/\\\/www.instagram.com\\\/LIANA_creativa\"]}]}<\/script>\n<!-- \/ Yoast SEO plugin. -->","yoast_head_json":{"title":"Mochila de fique artesanal Santander","description":"Decora con Flores en fique de LIANA. Arte tejido a mano por comunidades colombianas. Dise\u00f1o sostenible y aut\u00e9ntico. \u00a1Lleva la tuya hoy!","robots":{"index":"index","follow":"follow","max-snippet":"max-snippet:-1","max-image-preview":"max-image-preview:large","max-video-preview":"max-video-preview:-1"},"canonical":"https:\/\/www.liana.com.co\/en\/product\/capullo-de-flor\/","og_locale":"en_US","og_type":"article","og_title":"Mochila de fique artesanal Santander","og_description":"Decora con Flores en fique de LIANA. Arte tejido a mano por comunidades colombianas. Dise\u00f1o sostenible y aut\u00e9ntico. \u00a1Lleva la tuya hoy!","og_url":"https:\/\/www.liana.com.co\/en\/product\/capullo-de-flor\/","og_site_name":"LIANA","article_publisher":"https:\/\/www.facebook.com\/LIANAcreativa","article_modified_time":"2026-04-29T00:13:27+00:00","og_image":[{"width":1024,"height":1024,"url":"https:\/\/www.liana.com.co\/wp-content\/uploads\/2026\/04\/WhatsApp-Image-2026-04-28-at-5.42.31-PM.jpeg","type":"image\/jpeg"}],"twitter_card":"summary_large_image","twitter_misc":{"Est. reading time":"1 minute"},"schema":{"@context":"https:\/\/schema.org","@graph":[{"@type":"WebPage","@id":"https:\/\/www.liana.com.co\/producto\/capullo-de-flor\/","url":"https:\/\/www.liana.com.co\/producto\/capullo-de-flor\/","name":"Mochila de fique artesanal Santander","isPartOf":{"@id":"https:\/\/www.liana.com.co\/#website"},"primaryImageOfPage":{"@id":"https:\/\/www.liana.com.co\/producto\/capullo-de-flor\/#primaryimage"},"image":{"@id":"https:\/\/www.liana.com.co\/producto\/capullo-de-flor\/#primaryimage"},"thumbnailUrl":"https:\/\/www.liana.com.co\/wp-content\/uploads\/2026\/04\/WhatsApp-Image-2026-04-28-at-5.42.31-PM.jpeg","datePublished":"2026-04-29T00:09:27+00:00","dateModified":"2026-04-29T00:13:27+00:00","description":"Decora con Flores en fique de LIANA. Arte tejido a mano por comunidades colombianas. Dise\u00f1o sostenible y aut\u00e9ntico. \u00a1Lleva la tuya hoy!","breadcrumb":{"@id":"https:\/\/www.liana.com.co\/producto\/capullo-de-flor\/#breadcrumb"},"inLanguage":"en-US","potentialAction":[{"@type":"ReadAction","target":["https:\/\/www.liana.com.co\/producto\/capullo-de-flor\/"]}]},{"@type":"ImageObject","inLanguage":"en-US","@id":"https:\/\/www.liana.com.co\/producto\/capullo-de-flor\/#primaryimage","url":"https:\/\/www.liana.com.co\/wp-content\/uploads\/2026\/04\/WhatsApp-Image-2026-04-28-at-5.42.31-PM.jpeg","contentUrl":"https:\/\/www.liana.com.co\/wp-content\/uploads\/2026\/04\/WhatsApp-Image-2026-04-28-at-5.42.31-PM.jpeg","width":1024,"height":1024},{"@type":"BreadcrumbList","@id":"https:\/\/www.liana.com.co\/producto\/capullo-de-flor\/#breadcrumb","itemListElement":[{"@type":"ListItem","position":1,"name":"Portada","item":"https:\/\/www.liana.com.co\/"},{"@type":"ListItem","position":2,"name":"Shop","item":"https:\/\/www.liana.com.co\/shop\/"},{"@type":"ListItem","position":3,"name":"CAPULLO DE FLOR"}]},{"@type":"WebSite","@id":"https:\/\/www.liana.com.co\/#website","url":"https:\/\/www.liana.com.co\/","name":"LIANA","description":"Contemporary Artisans","publisher":{"@id":"https:\/\/www.liana.com.co\/#organization"},"potentialAction":[{"@type":"SearchAction","target":{"@type":"EntryPoint","urlTemplate":"https:\/\/www.liana.com.co\/?s={search_term_string}"},"query-input":{"@type":"PropertyValueSpecification","valueRequired":true,"valueName":"search_term_string"}}],"inLanguage":"en-US"},{"@type":"Organization","@id":"https:\/\/www.liana.com.co\/#organization","name":"LIANA","url":"https:\/\/www.liana.com.co\/","logo":{"@type":"ImageObject","inLanguage":"en-US","@id":"https:\/\/www.liana.com.co\/#\/schema\/logo\/image\/","url":"https:\/\/www.liana.com.co\/wp-content\/uploads\/2022\/11\/LIANA-BLACK.png","contentUrl":"https:\/\/www.liana.com.co\/wp-content\/uploads\/2022\/11\/LIANA-BLACK.png","width":339,"height":98,"caption":"LIANA"},"image":{"@id":"https:\/\/www.liana.com.co\/#\/schema\/logo\/image\/"},"sameAs":["https:\/\/www.facebook.com\/LIANAcreativa","https:\/\/www.instagram.com\/LIANA_creativa"]}]}},"jetpack_sharing_enabled":true,"_links":{"self":[{"href":"https:\/\/www.liana.com.co\/en\/wp-json\/wp\/v2\/product\/21661","targetHints":{"allow":["GET"]}}],"collection":[{"href":"https:\/\/www.liana.com.co\/en\/wp-json\/wp\/v2\/product"}],"about":[{"href":"https:\/\/www.liana.com.co\/en\/wp-json\/wp\/v2\/types\/product"}],"wp:featuredmedia":[{"embeddable":true,"href":"https:\/\/www.liana.com.co\/en\/wp-json\/wp\/v2\/media\/21658"}],"wp:attachment":[{"href":"https:\/\/www.liana.com.co\/en\/wp-json\/wp\/v2\/media?parent=21661"}],"wp:term":[{"taxonomy":"product_brand","embeddable":true,"href":"https:\/\/www.liana.com.co\/en\/wp-json\/wp\/v2\/product_brand?post=21661"},{"taxonomy":"product_cat","embeddable":true,"href":"https:\/\/www.liana.com.co\/en\/wp-json\/wp\/v2\/product_cat?post=21661"},{"taxonomy":"product_tag","embeddable":true,"href":"https:\/\/www.liana.com.co\/en\/wp-json\/wp\/v2\/product_tag?post=21661"}],"curies":[{"name":"wp","href":"https:\/\/api.w.org\/{rel}","templated":true}]}}

<ul data-path-to-node="13">
<li>
<p data-path-to-node="13,0,0"><b data-path-to-node="13,0,0" data-index-in-node="0">Measurements</b> Alto 47 cm / Ancho 9 cm.</p>
</li>
<li>
<p data-path-to-node="13,1,0"><b data-path-to-node="13,1,0" data-index-in-node="0">Materiales:</b> Fique.</p>
</li>
<li>
<p data-path-to-node="13,2,0"><b data-path-to-node="13,2,0" data-index-in-node="0">Technique</b> Tejeduría en crochet sobre estructura de alambre .</p>
</li>
<li>
<p data-path-to-node="13,3,0"><b data-path-to-node="13,3,0" data-index-in-node="0">Origen:</b> Atlántico</p>
</li>
</ul>
<p data-path-to-node="14"><b data-path-to-node="14" data-index-in-node="0">Cuidados y Mantenimiento:</b></p>
<ul data-path-to-node="15">
<li>
<p data-path-to-node="15,0,0">Limpiar con un paño seco o plumero para eliminar el polvo.</p>
</li>
<li>
<p data-path-to-node="15,1,0">Evitar la humedad excesiva para preservar la estructura natural de la fibra.</p>
</li>
<li>
<p data-path-to-node="15,2,0">Uso exclusivo para interiores.</p>
<hr />
<p data-path-to-node="15,2,0">El fique, una fibra resistente y profundamente ligada a la tierra colombiana, cobra una nueva vida en esta pieza de gran formato. Más que un objeto decorativo, esta flor es el resultado de un proceso colaborativo donde la tradición se entrelaza para crear siluetas orgánicas y contemporáneas.</p>
</li>
</ul>

<p>Cada pétalo ha sido moldeado por manos expertas que dominan la rigidez de la fibra para transformarla en curvas suaves y elegantes. Es una invitación a traer la esencia de lo natural al interior de tu hogar, celebrando el legado de quienes transforman lo cotidiano en algo extraordinario.</p>

<!-- This site is optimized with the Yoast SEO plugin v27.4 - https://yoast.com/product/yoast-seo-wordpress/ -->
<title>Mochila de fique artesanal Santander</title>
<meta name="description" content="Decora con Flores en fique de LIANA. Arte tejido a mano por comunidades colombianas. Diseño sostenible y auténtico. ¡Lleva la tuya hoy!" />
<meta name="robots" content="index, follow, max-snippet:-1, max-image-preview:large, max-video-preview:-1" />
<link rel="canonical" href="https://www.liana.com.co/en/product/capullo-de-flor/" />
<meta property="og:locale" content="en_US" />
<meta property="og:type" content="article" />
<meta property="og:title" content="Mochila de fique artesanal Santander" />
<meta property="og:description" content="Decora con Flores en fique de LIANA. Arte tejido a mano por comunidades colombianas. Diseño sostenible y auténtico. ¡Lleva la tuya hoy!" />
<meta property="og:url" content="https://www.liana.com.co/en/product/capullo-de-flor/" />
<meta property="og:site_name" content="LIANA" />
<meta property="article:publisher" content="https://www.facebook.com/LIANAcreativa" />
<meta property="article:modified_time" content="2026-04-29T00:13:27+00:00" />
<meta property="og:image" content="https://www.liana.com.co/wp-content/uploads/2026/04/WhatsApp-Image-2026-04-28-at-5.42.31-PM.jpeg" />
	<meta property="og:image:width" content="1024" />
	<meta property="og:image:height" content="1024" />
	<meta property="og:image:type" content="image/jpeg" />
<meta name="twitter:card" content="summary_large_image" />
<meta name="twitter:label1" content="Est. reading time" />
	<meta name="twitter:data1" content="1 minute" />
<script type="application/ld+json" class="yoast-schema-graph">{"@context":"https:\/\/schema.org","@graph":[{"@type":"WebPage","@id":"https:\/\/www.liana.com.co\/producto\/capullo-de-flor\/","url":"https:\/\/www.liana.com.co\/producto\/capullo-de-flor\/","name":"Mochila de fique artesanal Santander","isPartOf":{"@id":"https:\/\/www.liana.com.co\/#website"},"primaryImageOfPage":{"@id":"https:\/\/www.liana.com.co\/producto\/capullo-de-flor\/#primaryimage"},"image":{"@id":"https:\/\/www.liana.com.co\/producto\/capullo-de-flor\/#primaryimage"},"thumbnailUrl":"https:\/\/www.liana.com.co\/wp-content\/uploads\/2026\/04\/WhatsApp-Image-2026-04-28-at-5.42.31-PM.jpeg","datePublished":"2026-04-29T00:09:27+00:00","dateModified":"2026-04-29T00:13:27+00:00","description":"Decora con Flores en fique de LIANA. Arte tejido a mano por comunidades colombianas. Diseño sostenible y auténtico. ¡Lleva la tuya hoy!","breadcrumb":{"@id":"https:\/\/www.liana.com.co\/producto\/capullo-de-flor\/#breadcrumb"},"inLanguage":"en-US","potentialAction":[{"@type":"ReadAction","target":["https:\/\/www.liana.com.co\/producto\/capullo-de-flor\/"]}]},{"@type":"ImageObject","inLanguage":"en-US","@id":"https:\/\/www.liana.com.co\/producto\/capullo-de-flor\/#primaryimage","url":"https:\/\/www.liana.com.co\/wp-content\/uploads\/2026\/04\/WhatsApp-Image-2026-04-28-at-5.42.31-PM.jpeg","contentUrl":"https:\/\/www.liana.com.co\/wp-content\/uploads\/2026\/04\/WhatsApp-Image-2026-04-28-at-5.42.31-PM.jpeg","width":1024,"height":1024},{"@type":"BreadcrumbList","@id":"https:\/\/www.liana.com.co\/producto\/capullo-de-flor\/#breadcrumb","itemListElement":[{"@type":"ListItem","position":1,"name":"Portada","item":"https:\/\/www.liana.com.co\/"},{"@type":"ListItem","position":2,"name":"Shop","item":"https:\/\/www.liana.com.co\/shop\/"},{"@type":"ListItem","position":3,"name":"CAPULLO DE FLOR"}]},{"@type":"WebSite","@id":"https:\/\/www.liana.com.co\/#website","url":"https:\/\/www.liana.com.co\/","name":"LIANA","description":"Artesanos Contemporáneos","publisher":{"@id":"https:\/\/www.liana.com.co\/#organization"},"potentialAction":[{"@type":"SearchAction","target":{"@type":"EntryPoint","urlTemplate":"https:\/\/www.liana.com.co\/?s={search_term_string}"},"query-input":{"@type":"PropertyValueSpecification","valueRequired":true,"valueName":"search_term_string"}}],"inLanguage":"en-US"},{"@type":"Organization","@id":"https:\/\/www.liana.com.co\/#organization","name":"LIANA","url":"https:\/\/www.liana.com.co\/","logo":{"@type":"ImageObject","inLanguage":"en-US","@id":"https:\/\/www.liana.com.co\/#\/schema\/logo\/image\/","url":"https:\/\/www.liana.com.co\/wp-content\/uploads\/2022\/11\/LIANA-BLACK.png","contentUrl":"https:\/\/www.liana.com.co\/wp-content\/uploads\/2022\/11\/LIANA-BLACK.png","width":339,"height":98,"caption":"LIANA"},"image":{"@id":"https:\/\/www.liana.com.co\/#\/schema\/logo\/image\/"},"sameAs":["https:\/\/www.facebook.com\/LIANAcreativa","https:\/\/www.instagram.com\/LIANA_creativa"]}]}</script>
<!-- / Yoast SEO plugin. -->

Decora con Flores en fique de LIANA. Arte tejido a mano por comunidades colombianas. Diseño sostenible y auténtico. ¡Lleva la tuya hoy!
